s digit of 625?
6
What is the thousands digit of 11002?
1
What is the hundred thousands digit of 121811?
1
What is the units digit of 603?
3
What is the thousands digit of 34703?
4
What is the hundreds digit of 238?
2
What is the thousands digit of 2513?
2
What is the thousands digit of 5003?
5
What is the tens digit of 1063?
6
What is the ten thousands digit of 15580?
1
What is the ten thousands digit of 26331?
2
What is the tens digit of 6636?
3
What is the tens digit of 559?
5
What is the hundreds digit of 6919?
9
What is the units digit of 33452?
2
What is the units digit of 27425?
5
What is the hundreds digit of 1642?
6
What is the thousands digit of 1454?
1
What is the units digit of 94771?
1
What is the tens digit of 20278?
7
What is the tens digit of 11419?
1
What is the tens digit of 8551?
5
What is the hundreds digit of 999?
9
What is the tens digit of 3782?
8
What is the thousands digit of 10671?
0
What is the tens digit of 318?
1
What is the hundreds digit of 39970?
9
What is the hundreds digit of 342?
3
What is the tens digit of 2335?
3
What is the hundreds digit of 2866?
8
What is the hundreds digit of 17705?
7
What is the units digit of 2333?
3
What is the ten thousands digit of 70332?
7
What is the units digit of 154145?
5
What is the hundreds digit of 1088?
0
What is the ten thousands digit of 15886?
1
What is the thousands digit of 28600?
8
What is the tens digit of 3926?
2
What is the ten thousands digit of 46208?
4
What is the tens digit of 10608?
0
What is the units digit of 494?
4
What is the units digit of 870?
0
What is the thousands digit of 1460?
1
What is the units digit of 4675?
5
What is the tens digit of 4787?
8
What is the hundreds digit of 19209?
2
What is the hundreds digit of 333?
3
What is the thousands digit of 7527?
7
What is the thousands digit of 144669?
4
What is the thousands digit of 1158?
1
What is the hundreds digit of 97023?
0
What is the units digit of 118766?
6
What is the units digit of 2656?
6
What is the ten thousands digit of 25514?
2
What is the units digit of 1448?
8
What is the hundreds digit of 58660?
6
What is the tens digit of 31018?
1
What is the units digit of 940?
0
What is the thousands digit of 6895?
6
What is the tens digit of 93?
9
What is the hundreds digit of 3009?
0
What is the hundreds digit of 946?
9
What is the hundreds digit of 1265?
2
What is the hundreds digit of 85103?
1
What is the tens digit of 250?
5
What is the tens digit of 272?
7
What is the thousands digit of 1240?
1
What is the units digit of 111719?
9
What is the units digit of 7514?
4
What is the tens digit of 5560?
6
What is the units digit of 20263?
3
What is the units digit of 345?
5
What is the tens digit of 16619?
1
What is the tens digit of 9151?
5
What is the tens digit of 130?
3
What is the thousands digit of 3049?
3
What is the tens digit of 5543?
4
What is the units digit of 788?
8
What is the thousands digit of 1567?
1
What is the hundreds digit of 1007?
0
What is the ten thousands digit of 12257?
1
What is the hundreds digit of 10177?
1
What is the hundreds digit of 5448?
4
What is the thousands digit of 7596?
7
What is the thousands digit of 76832?
6
What is the thousands digit of 30465?
0
What is the ten thousands digit of 60746?
6
What is the units digit of 560?
0
What is the units digit of 1970?
0
What is the ten thousands digit of 22527?
2
What is the hundreds digit of 531?
5
What is the tens digit of 824?
2
What is the units digit of 49092?
2
What is the units digit of 10065?
5
What is the units digit of 2441?
1
What is the thousands digit of 10765?
0
What is the tens digit of 3531?
3
What is the tens digit of 4285?
8
What is the ten thousands digit of 12503?
1
What is the ten thousands digit of 20213?
2
What is the thousands digit of 5048?
5
What is the ten thousands digit of 11691?
1
What is the thousands digit of 178752?
8
What is the thousands digit of 77441?
7
What is the thousands digit of 1435?
1
What is the tens digit of 314?
1
What is the units digit of 30153?
3
What is the thousands digit of 20828?
0
What is the units digit of 1915?
5
What is the ten thousands digit of 26159?
2
What is the hundreds digit of 6908?
9
What is the hundreds digit of 8945?
9
What is the units digit of 177?
7
What is the hundreds digit of 3640?
6
What is the hundreds digit of 1806?
8
What is the tens digit of 554?
5
What is the ten thousands digit of 15379?
1
What is the tens digit of 24580?
8
What is the thousands digit of 26819?
6
What is the thousands digit of 8100?
8
What is the hundreds digit of 28034?
0
What is the tens digit of 119833?
3
What is the hundreds digit of 17197?
1
What is the tens digit of 966?
6
What is the units digit of 2644?
4
What is the hundreds digit of 1508?
5
What is the tens digit of 3821?
2
What is the tens digit of 80610?
1
What is the hundreds digit of 2359?
3
What is the units digit of 13660?
0
What is the units digit of 1940?
0
What is the hundreds digit of 21836?
8
What is the tens digit of 988?
8
What is the tens digit of 1284?
8
What is the units digit of 92643?
3
What is the hundreds digit of 18116?
1
What is the units digit of 55969?
9
What is the tens digit of 634?
3
What is the hundreds digit of 1201?
2
What is the thousands digit of 11239?
1
What is the tens digit of 236?
3
What is the units digit of 61137?
7
What is the units digit of 1105?
5
What is the hundreds digit of 3620?
6
What is the ten thousands digit of 19469?
1
What is the hundreds digit of 541?
5
What is the tens digit of 27958?
5
What is the tens digit of 564?
6
What is the units digit of 574?
4
What is the thousands digit of 51785?
1
What is the hundreds digit of 505?
5
What is the units digit of 1666?
6
What is the thousands digit of 2680?
2
What is the hundreds digit of 6534?
5
What is the thousands digit of 3346?
3
What is the ten thousands digit of 111624?
1
What is the hundreds digit of 7431?
4
What is the hundreds digit of 125?
1
What is the hundreds digit of 30862?
8
What is the hundreds digit of 434?
4
What is the units digit of 5344?
4
What is the hundreds digit of 1016?
0
What is the hundreds digit of 2127?
1
What is the tens digit of 996?
9
What is the hundreds digit of 635?
6
What is the tens digit of 1658?
5
What is the thousands digit of 1017?
1
What is the tens digit of 961?
6
What is the units digit of 46005?
5
What is the units digit of 4069?
9
What is the ten thousands digit of 24696?
2
What is the units digit of 6587?
7
What is the units digit of 37389?
9
What is the thousands digit of 2776?
2
What is the hundreds digit of 1530?
5
What is the units digit of 43249?
9
What is the hundreds digit of 2162?
1
What is the thousands digit of 4865?
4
What is the units digit of 14372?
2
What is the ten thousands digit of 19765?
1
What is the tens digit of 346?
4
What is the thousands digit of 7007?
7
What is the ten thousands digit of 29440?
2
What is the hundreds digit of 6344?
3
What is the tens digit of 3299?
9
What is the tens digit of 223?
2
What is the units digit of 1742?
2
What is the units digit of 255?
5
What is the units digit of 81833?
3
What is the tens digit of 6754?
5
What is the hundreds digit of 2971?
9
What is the hundreds digit of 56349?
3
What is the thousands digit of 5340?
5
What is the thousands digit of 76267?
6
What is the thousands digit of 7942?
7
What is the units digit of 6526?
6
What is the hundreds digit of 13721?
7
What is the tens digit of 4414?
1
What is the tens digit of 1398?
9
What is the tens digit of 7266?
6
What is the hundreds digit of 3805?
8
What is the units digit of 51994?
4
What is the tens digit of 197?
9
What is the thousands digit of 27538?
7
What is the hundreds digit of 27541?
5
What is the hundreds digit of 10415?
4
What is the thousands digit of 21107?
1
What is the hundreds digit of 630?
6
What is the thousands digit of 23305?
3
What is the tens digit of 22160?
6
What is the thousands digit of 7074?
7
What is the thousands digit of 57928?
7
What is the tens digit of 16892?
9
What is the units digit of 304?
4
What is the thousands digit of 13184?
3
What is the units digit of 2404?
4
What is the ten thousands digit of 16161?
1
What is the units digit of 2136?
6
What is the units digit of 11087?
7
What is the tens digit of 8322?
2
What 